 is the hundreds digit of 497423774?
7
What is the hundreds digit of 2877971250?
2
What is the thousands digit of 241336471?
6
What is the units digit of 2218265438?
8
What is the hundred thousands digit of 385612252?
6
What is the hundreds digit of 334013564?
5
What is the ten thousands digit of 119714458?
1
What is the ten millions digit of 59146997?
5
What is the ten thousands digit of 1100813492?
1
What is the tens digit of 108316910?
1
What is the units digit of 322975328?
8
What is the ten thousands digit of 448893231?
9
What is the thousands digit of 5639126997?
6
What is the units digit of 240252094?
4
What is the thousands digit of 112496548?
6
What is the ten thousands digit of 83051911?
5
What is the thousands digit of 188424234?
4
What is the millions digit of 60756076?
0
What is the units digit of 17203413?
3
What is the hundreds digit of 2195794985?
9
What is the hundred millions digit of 126204444?
1
What is the millions digit of 1053628985?
3
What is the millions digit of 39666548?
9
What is the billions digit of 1278925986?
1
What is the hundreds digit of 7369455595?
5
What is the tens digit of 311452096?
9
What is the hundred thousands digit of 114183218?
1
What is the hundred thousands digit of 997148405?
1
What is the tens digit of 49775752?
5
What is the units digit of 547201337?
7
What is the ten millions digit of 97170134?
9
What is the millions digit of 61263590?
1
What is the thousands digit of 5062001761?
1
What is the ten millions digit of 5199754367?
9
What is the tens digit of 27783544?
4
What is the ten millions digit of 79000965?
7
What is the millions digit of 1481890121?
1
What is the hundred thousands digit of 146005848?
0
What is the hundreds digit of 61433722?
7
What is the tens digit of 569586407?
0
What is the millions digit of 1835971859?
5
What is the thousands digit of 826700956?
0
What is the billions digit of 1789415383?
1
What is the ten thousands digit of 215649129?
4
What is the tens digit of 653727?
2
What is the ten millions digit of 109490934?
0
What is the ten millions digit of 603681473?
0
What is the millions digit of 4163108?
4
What is the ten thousands digit of 620249151?
4
What is the hundred millions digit of 242140668?
2
What is the hundred millions digit of 5146805502?
1
What is the hundred thousands digit of 5013134038?
1
What is the units digit of 96407906?
6
What is the ten thousands digit of 293427379?
2
What is the millions digit of 88190045?
8
What is the hundred thousands digit of 1150528065?
5
What is the tens digit of 3559785530?
3
What is the tens digit of 92793994?
9
What is the thousands digit of 67654296?
4
What is the tens digit of 8044973?
7
What is the hundred millions digit of 263705017?
2
What is the thousands digit of 93410572?
0
What is the tens digit of 1995682052?
5
What is the hundred thousands digit of 98206752?
2
What is the units digit of 715036329?
9
What is the units digit of 221970644?
4
What is the tens digit of 5961107959?
5
What is the units digit of 118088710?
0
What is the ten millions digit of 365706913?
6
What is the hundred thousands digit of 5263963296?
9
What is the millions digit of 46592440?
6
What is the tens digit of 6183616597?
9
What is the millions digit of 82885906?
2
What is the hundred millions digit of 1177121848?
1
What is the thousands digit of 32840470?
0
What is the hundred millions digit of 1056516941?
0
What is the thousands digit of 27771948?
1
What is the millions digit of 75626247?
5
What is the ten millions digit of 979946275?
7
What is the hundreds digit of 408756673?
6
What is the ten millions digit of 2963121332?
6
What is the thousands digit of 44381953?
1
What is the hundred thousands digit of 3693321589?
3
What is the hundreds digit of 37521766?
7
What is the hundreds digit of 420570420?
4
What is the millions digit of 3600444724?
0
What is the tens digit of 1418569247?
4
What is the ten thousands digit of 449457642?
5
What is the hundreds digit of 32197612?
6
What is the ten millions digit of 42056031?
4
What is the hundred thousands digit of 111875747?
8
What is the thousands digit of 80029102?
9
What is the hundred thousands digit of 3607099012?
0
What is the ten thousands digit of 324140116?
4
What is the ten thousands digit of 255179908?
7
What is the thousands digit of 18569388?
9
What is the tens digit of 413316925?
2
What is the millions digit of 172064864?
2
What is the tens digit of 54798109?
0
What is the billions digit of 1616576899?
1
What is the ten thousands digit of 6043597909?
9
What is the tens digit of 33359806?
0
What is the tens digit of 937441872?
7
What is the hundreds digit of 18505535?
5
What is the hundred millions digit of 2727435312?
7
What is the billions digit of 2994102645?
2
What is the ten millions digit of 31811036?
3
What is the hundreds digit of 565768592?
5
What is the hundred thousands digit of 9390245?
3
What is the thousands digit of 105204235?
4
What is the hundred thousands digit of 4580061431?
0
What is the ten millions digit of 172240457?
7
What is the hundreds digit of 16883827?
8
What is the ten millions digit of 49383353?
4
What is the hundred thousands digit of 2483508965?
5
What is the hundred thousands digit of 300501958?
5
What is the tens digit of 1053757746?
4
What is the ten thousands digit of 37234794?
3
What is the hundreds digit of 1422360750?
7
What is the thousands digit of 566635425?
5
What is the tens digit of 81060731?
3
What is the tens digit of 134631760?
6
What is the hundred thousands digit of 1275043834?
0
What is the hundreds digit of 64136202?
2
What is the millions digit of 51015687?
1
What is the hundred millions digit of 168415023?
1
What is the millions digit of 46518964?
6
What is the hundred thousands digit of 80271249?
2
What is the thousands digit of 442084423?
4
What is the tens digit of 155841757?
5
What is the hundred millions digit of 1918037248?
9
What is the ten millions digit of 1370363064?
7
What is the units digit of 698060835?
5
What is the tens digit of 1073010064?
6
What is the hundred thousands digit of 405248772?
2
What is the millions digit of 616193369?
6
What is the hundred millions digit of 763305014?
7
What is the thousands digit of 94916723?
6
What is the hundreds digit of 51341886?
8
What is the ten thousands digit of 60647965?
4
What is the hundreds digit of 368142702?
7
What is the hundred millions digit of 176501051?
1
What is the hundred thousands digit of 2202110657?
1
What is the hundreds digit of 2494788750?
7
What is the thousands digit of 3833219013?
9
What is the ten millions digit of 3214966536?
1
What is the millions digit of 52068849?
2
What is the hundred millions digit of 127472168?
1
What is the ten thousands digit of 3466960549?
6
What is the ten thousands digit of 98972692?
7
What is the tens digit of 243304582?
8
What is the units digit of 727926443?
3
What is the tens digit of 69801814?
1
What is the units digit of 121252083?
3
What is the ten millions digit of 6177297587?
7
What is the units digit of 357951154?
4
What is the units digit of 2129342285?
5
What is the ten thousands digit of 56143032?
4
What is the millions digit of 79682255?
9
What is the units digit of 148133246?
6
What is the units digit of 219458?
8
What is the thousands digit of 237210316?
0
What is the tens digit of 2562853136?
3
What is the millions digit of 943779502?
3
What is the ten thousands digit of 846433192?
3
What is the hundreds digit of 537050?
0
What is the millions digit of 55752317?
5
What is the hundreds digit of 51040672?
6
What is the units digit of 355115795?
5
What is the millions digit of 117466081?
7
What is the hundreds digit of 32360259?
2
What is the hundreds digit of 600868394?
3
What is the hundreds digit of 922073435?
4
What is the hundred millions digit of 280563896?
2
What is the millions digit of 122819796?
2
What is the thousands digit of 90170101?
0
What is the hundred thousands digit of 3765849045?
8
What is the millions digit of 76448345?
6
What is the hundreds digit of 812774471?
4
What is the thousands digit of 4995313492?
3
What is the millions digit of 3733054579?
3
What is the hundreds digit of 622971378?
3
What is the units digit of 627662986?
6
What is the hundred millions digit of 21698265